are the prime factors of 290/3 + 8/12*i?
2, 3
Let d(k) = 2*k**3 - 3*k**2 - 2*k + 3. Let b be d(2). Let j = 151 + -83. Suppose j = b*y - 40. List the prime factors of y.
2, 3
Let w be 3/7 + 67/7. Let v = w + -10. Suppose v + 48 = 3*l. List the prime factors of l.
2
Let h(v) = -v**3 + 28*v**2 + 33*v - 178. What are the prime factors of h(23)?
2, 1613
Let k(m) = -4*m + 1. Let p be 6/12 - (-58)/(-4). Let v = p + 9. List the prime factors of k(v).
3, 7
Suppose 36*q - 41237 = 143263. What are the prime factors of q?
5, 41
Suppose -72*r - 671 = -73*r. Suppose 0*b - i = -5*b + r, -4*b + 541 = -5*i. What are the prime factors of b?
2, 67
Let q = 23 + -23. Suppose q = 8*t - 4*t. Suppose 4*w - w - 132 = t. List the prime factors of w.
2, 11
What are the prime factors of (-13)/91 + (-9402)/(-7)?
17, 79
Let v(l) = l**3 + 4*l**2 - l. Let u be v(-4). Suppose -4*b + 294 = -3*t + u*t, -4*t - 156 = -2*b. What are the prime factors of b?
2, 37
Let y(i) = -190*i + 102. What are the prime factors of y(-6)?
2, 3, 23
What are the prime factors of -10 + 4 + 3 + 626?
7, 89
Let q = 1015 + -594. List the prime factors of q.
421
Let n(v) = 285*v - 12. What are the prime factors of n(5)?
3, 157
Let b(r) = 192*r + 20. What are the prime factors of b(8)?
2, 389
Suppose -3*y = -12*y + 7506. List the prime factors of y.
2, 3, 139
Suppose 0 = -8*w + 9*w. Suppose w*j = 4*j. Suppose j*u + 5*u - 65 = 0. List the prime factors of u.
13
Let z = -250 + 358. What are the prime factors of z?
2, 3
Suppose 5*v - 5*z + 1 = 11, 0 = -v - 5*z + 14. Suppose -650 = -v*s + 3*k, -k - 190 - 134 = -2*s. What are the prime factors of s?
7, 23
Let m = 23 - 23. Let x(c) = -c**3 + c**2 + c - 59. Let a be x(m). Let w = a - -108. What are the prime factors of w?
7
Suppose 0 = -8*z + 844 + 2540. List the prime factors of z.
3, 47
Let z = 9145 + -4987. List the prime factors of z.
2, 3, 7, 11
Suppose 3*y - 2*y - 761 = 3*w, 3*w + 2307 = 3*y. What are the prime factors of y?
773
Let m(x) = x - 7. Let z be m(8). Let a be ((-3)/(-9))/(z/45). Let q = a - -5. What are the prime factors of q?
2, 5
Let u = -1091 + 1606. What are the prime factors of u?
5, 103
Suppose 2*s + q + 15 = -0*q, 1 = q. List the prime factors of s + 4 - (-7 - 2).
5
Suppose -f + 2*f - 857 = 0. Suppose 0*j + 2*c = -3*j + f, 583 = 2*j - c. What are the prime factors of j?
17
Suppose 18 - 762 = -2*x. List the prime factors of x.
2, 3, 31
Let g(y) = y + 55. Let d be g(-21). Suppose m - d = 22. What are the prime factors of m?
2, 7
Let t(b) be the third derivative of 7*b**4/24 + 2*b**3/3 + 33*b**2. Let x = -10 + 12. What are the prime factors of t(x)?
2, 3
Let c = 3078 - 1746. What are the prime factors of c?
2, 3, 37
Let k(g) = g**2 - 8*g - 6. Let v be k(10). Suppose -o = -0*o + 1164. List the prime factors of 6/v - o/28.
2, 3, 7
Let z(w) = -7*w - 9. Let v(d) = -8*d - 9. Let o(h) = -5*v(h) + 6*z(h). Let u be o(8). Let a = u + 52. List the prime factors of a.
3
Let u be (-2*244/20)/(1/5). Let m = u - -265. List the prime factors of m.
11, 13
List the prime factors of ((-1)/(-1*3/1053))/1.
3, 13
Suppose -10 = 649*j - 654*j. Let k(g) = 2*g - 2. Let x be k(4). What are the prime factors of j/x + 235/15?
2
Suppose 0 = 5*g - 9*g + 352. List the prime factors of g.
2, 11
Let d(u) = 9*u**2 + 20*u + 128. What are the prime factors of d(-16)?
2, 3, 11
What are the prime factors of -2*24/(-16)*751/3?
751
Let u = 24 - 22. Suppose 5 = 5*b + x, b - u*x = x + 17. List the prime factors of 5*((-52)/(-20) + b).
23
Let l(t) = 2*t**2 + 5*t - 8. Let v be l(-7). Let w = v - 36. Let o = w + 6. List the prime factors of o.
5
Let m be (-50)/8 + (-5)/(-20). Let t be m*(4 - 7/(-2)). Let s = t + 81. What are the prime factors of s?
2, 3
Suppose 7*o - 4*o - 1 = -4*h, -4*o = -5*h - 22. List the prime factors of 245/4 - o/(-4).
2, 31
Suppose -554 = -6*d + 142. Let g = 191 - d. List the prime factors of g.
3, 5
Let w(g) = g + 10. Let m be w(-4). Let n be 252/(-7)*m/(-3). Suppose 5*a - n = 18. List the prime factors of a.
2, 3
Suppose -w - 7*w = -456. List the prime factors of w.
3, 19
Suppose -2*l + s + 2*s = -4, s = 4*l - 8. Suppose l*t = -t + 87. List the prime factors of t.
29
Suppose 6*i - 10*i = -v - 5681, 3*i - 4277 = 4*v. What are the prime factors of i?
3, 11, 43
Suppose 1 = -3*o + 4. Let f be o*92/((-4)/1). Let n = 45 - f. What are the prime factors of n?
2, 17
Suppose 0 = -146*r + 145*r + 2114. What are the prime factors of r?
2, 7, 151
Suppose 3 - 21 = -3*o. Let i(y) = y**2 - 5*y + 8. What are the prime factors of i(o)?
2, 7
Let n(m) be the third derivative of -5*m**4/24 - 13*m**3/6 + 7*m**2. What are the prime factors of n(-12)?
47
Suppose 2*b - 165 = 7*b. List the prime factors of ((3/(-2))/(-3))/(b/(-8646)).
131
Let k = 199 + -104. Let f = k - 62. Let j = f - 13. List the prime factors of j.
2, 5
Let i be 151 + ((-12)/54 - (-50)/(-18)). Suppose -3*x = -0*x - 12. Suppose 4*h = -2*f + i, -x*f + 93 = 3*h - 7*f. List the prime factors of h.
5, 7
Let v be 4/(-3) - (-57)/9. Suppose -4*u + 12 = v*q - 0*u, 2*u - 12 = -4*q. Suppose -o + 21 = -q. What are the prime factors of o?
5
Suppose r + 4 = -0*i + 2*i, 4 = -r. Suppose 3*h + i*h = 186. What are the prime factors of h?
2, 31
Let f(o) = 3*o**3 - o**2 + 2*o - 1. Let q be f(1). Suppose -148 = -5*g + k, 63 = 2*g - q*k - 4. List the prime factors of g.
29
Suppose 661 = 6*f - 203. What are the prime factors of f?
2, 3
Let a be (-6)/(6/3) - -7. Let t be (-2)/a - (-22)/4. Suppose 2*y = t*m + 5*y, 5*y + 25 = 0. List the prime factors of m.
3
Let t be (-16)/40 - (-4356)/15. Suppose 0 = 4*g - v - v - 296, -5*v = -4*g + t. List the prime factors of g.
3, 5
Let x = 15 + -13. Suppose -x = -2*i + 54. List the prime factors of i.
2, 7
Let d = -1136 + 2508. List the prime factors of d.
2, 7
Let d(t) = -t**2 + 13*t. Let x be 127/5 - 6/15. Let l = x + -15. List the prime factors of d(l).
2, 3, 5
Let f = -113 - -80. List the prime factors of (-6)/f + 3600/44.
2, 41
Let v(t) = t**3 - t. Let r(k) = -12*k**3 - 3*k**2 - k. Let q(l) = -r(l) + 3*v(l). List the prime factors of q(1).
2
Let t(k) be the third derivative of -k**4/2 - k**3/3 - k**2. What are the prime factors of t(-4)?
2, 23
Suppose 16*x + 2*x - 17514 = 0. What are the prime factors of x?
7, 139
Let h be (48/20 - 2) + (-1196)/(-10). Suppose -4*y - 1 = j - h, -3*y = 2*j - 228. What are the prime factors of j?
3, 37
What are the prime factors of (-2)/(16/(-12))*(-3638)/(-3)?
17, 107
Let n(c) = -127*c. Let r be n(-4). Suppose 0 = -3*y - 404 - r. What are the prime factors of y/(-10) - 30/75?
2, 3, 5
Let p(s) = -s**2 + 12*s - 8. Suppose -3*k - 42 = -3*u, -4*u + k = 2*k - 76. Suppose -w = w - u. What are the prime factors of p(w)?
19
Suppose -x - 2*x = -6. Let p(y) = 0 + 6*y + x - 3*y. What are the prime factors of p(14)?
2, 11
Suppose 0*c + 3*r + 2488 = -5*c, 5*c + 4*r + 2484 = 0. Let g = c - -770. What are the prime factors of g?
2, 3, 5
Suppose -22 + 88 = 3*l. Let g = l + -22. Suppose 0*n - 121 = -3*n + 4*j, g = -5*n - 3*j + 163. List the prime factors of n.
5, 7
Suppose -17 + 1 = -4*s. Let t be (4 + -1)*(-24)/(-18). Suppose -s*o - 22 - 5 = -3*g, g - t = 3*o. List the prime factors of g.
13
Suppose -55 = 4*p - 5*g + 5, -5*g = 5*p + 30. Let l(w) = 2*w**2 + 8*w + 26. What are the prime factors of l(p)?
2, 73
Let w(u) = -5*u**2 + 2 + u**3 + 2 - 3*u + 3*u**2 - 3*u. Let c be -12*((-2)/(-3) - 1). What are the prime factors of w(c)?
2, 3
Let j(w) = w - 9. Let s be j(12). Suppose s*i + 27 = 114. What are the prime factors of i?
29
Suppose 26*b - 2993 = 9175. List the prime factors of b.
2, 3, 13
Suppose 404 = 14*z - 5070. Suppose 4*y + z = 1335. What are the prime factors of y?
2, 59
Let a = -3866 - -6821. What are the prime factors of a?
3, 5, 197
Let f(g) = -5*g - 37. Let p(j) = -j**2 + 7*j + 18. Let i be p(11). What are the prime factors of f(i)?
3, 31
Suppose -18 = -c - c - 2*x, 10 = 2*x. Let v(h) be the second derivative of 7*h**3/6 - 2*h**2 - 121*h - 1. What are the prime factors of v(c)?
2, 3
Suppose q = -2*q, 5*v + 2*q - 6245 = 0. List the prime factors of v.
1249
Let x = 28 + -23. Suppose -x*o + 0*o = -120. List the prime factors of o.
2, 3
Let a(u) = u**2 + u + 939. List the prime factors of a(0).
3, 313
Let w = -949 + 1591. List the prime factors of w.
2, 3, 107
Let l = 64